{"id":1610,"date":"2020-10-01T13:48:36","date_gmt":"2020-10-01T11:48:36","guid":{"rendered":"https:\/\/klimapunkt.pl\/?page_id=1610"},"modified":"2020-10-01T13:49:24","modified_gmt":"2020-10-01T11:49:24","slug":"lazar-hks","status":"publish","type":"page","link":"https:\/\/klimapunkt.pl\/?page_id=1610","title":{"rendered":"Lazar HKS"},"content":{"rendered":"\n<p><\/p>\n\n\n\n<div class=\"wp-block-group\"><div class=\"wp-block-group__inner-container is-layout-flow wp-block-group-is-layout-flow\">\n<div class=\"cherry-hr   hr-367\"><\/div><br>Producent Lazar HKS posiada w swojej ofercie model HT 10 to  wysokotemperaturowa pompy ciep\u0142a powietrze &#8211; woda z naturalnym czynnikiem ch\u0142odniczym propan R290 o maksymalnej mocy grzewczej do 22,2 kW.<\/p>\n<\/div><\/div>\n\n\n\n<ul><li>Podgrzewanie wody do 62\u00baC<\/li><li>Wykorzystanie powietrza do ogrzewania<\/li><li>Wysoka wydajno\u015b\u0107<\/li><li>Naturalny czynnik ch\u0142odniczy &#8211; R 290 Propan<\/li><li>Praca do -25\u00baC<\/li><li>Wysoki wsp\u00f3\u0142czynnik COP do 4,78<\/li><li>Parownik o powi\u0119kszonej powierzchni<\/li><li>Wysoka moc grzewcza<\/li><li>Ograniczenie pracy dodatkowego \u017ar\u00f3d\u0142a ciep\u0142a<br><br><a href=\"https:\/\/klimapunkt.pl\/wp-content\/uploads\/2020\/10\/hks_lazar_pompy_ciepla_pl.pdf\"><div class=\"fluid-button-left  -wrapper\"><a class=\"cherry-btn cherry-btn-primary cherry-btn-medium cherry-btn-inline cherry-btn-fade cherry-btn-left   button-542\" target=\"_blank\" href=\"https:\/\/klimapunkt.pl\/wp-content\/uploads\/2020\/10\/hks_lazar_pompy_ciepla_pl.pdf\"><span class=\"material-design-google134 cherry-btn-icon icon-position-left icon-553\"><\/span><span class=\"cherry-btn-content-wrap\">Katalog Lazar HKS<\/span><\/a><\/div><\/a><br><div class=\"cherry-hr   hr-210\"><\/div><\/li><\/ul>\n\n\n\n<figure class=\"wp-block-image size-large\"><img loading=\"lazy\" decoding=\"async\" width=\"500\" height=\"520\" src=\"https:\/\/klimapunkt.pl\/wp-content\/uploads\/2020\/10\/386.png\" alt=\"\" class=\"wp-image-1611\" srcset=\"https:\/\/klimapunkt.pl\/wp-content\/uploads\/2020\/10\/386.png 500w, https:\/\/klimapunkt.pl\/wp-content\/uploads\/2020\/10\/386-288x300.png 288w\" sizes=\"(max-width: 500px) 100vw, 500px\" \/><figcaption><div class=\"cherry-hr   hr-142\"><\/div><\/figcaption><\/figure>\n\n\n\n<p><\/p>\n","protected":false},"excerpt":{"rendered":"Producent Lazar HKS posiada w swojej ofercie model HT 10 to wysokotemperaturowa pompy ciep\u0142a powietrze &#8211; woda z naturalnym czynnikiem ch\u0142odniczym propan R290 o maksymalnej mocy grzewczej do 22,2 kW. Podgrzewanie wody do 62\u00baC Wykorzystanie powietrza do ogrzewania Wysoka wydajno\u015b\u0107","protected":false},"author":2,"featured_media":0,"parent":0,"menu_order":0,"comment_status":"closed","ping_status":"closed","template":"","meta":{"footnotes":""},"_links":{"self":[{"href":"https:\/\/klimapunkt.pl\/index.php?rest_route=\/wp\/v2\/pages\/1610"}],"collection":[{"href":"https:\/\/klimapunkt.pl\/index.php?rest_route=\/wp\/v2\/pages"}],"about":[{"href":"https:\/\/klimapunkt.pl\/index.php?rest_route=\/wp\/v2\/types\/page"}],"author":[{"embeddable":true,"href":"https:\/\/klimapunkt.pl\/index.php?rest_route=\/wp\/v2\/users\/2"}],"replies":[{"embeddable":true,"href":"https:\/\/klimapunkt.pl\/index.php?rest_route=%2Fwp%2Fv2%2Fcomments&post=1610"}],"version-history":[{"count":8,"href":"https:\/\/klimapunkt.pl\/index.php?rest_route=\/wp\/v2\/pages\/1610\/revisions"}],"predecessor-version":[{"id":1636,"href":"https:\/\/klimapunkt.pl\/index.php?rest_route=\/wp\/v2\/pages\/1610\/revisions\/1636"}],"wp:attachment":[{"href":"https:\/\/klimapunkt.pl\/index.php?rest_route=%2Fwp%2Fv2%2Fmedia&parent=1610"}],"curies":[{"name":"wp","href":"https:\/\/api.w.org\/{rel}","templated":true}]}}