{"id":1103,"date":"2016-09-26T13:14:38","date_gmt":"2016-09-26T11:14:38","guid":{"rendered":"http:\/\/demo.klimapunkt.pl\/?page_id=1103"},"modified":"2020-12-14T13:12:31","modified_gmt":"2020-12-14T12:12:31","slug":"moc-klimatyzatora","status":"publish","type":"page","link":"https:\/\/klimapunkt.pl\/?page_id=1103","title":{"rendered":"Moc klimatyzatora"},"content":{"rendered":"<div class=\"row  \" ><div class=\"cherry-box   box-780\"><div class=\"inner\"><div class=\"container\"><div class=\"row row-edge\">\n<h3>Jak dobra\u0107 odpowiedni\u0105 moc klimatyzatora?<\/h3>\n<p>Je\u017celi chodzi o dob\u00f3r klimatyzatora, warto wzi\u0105\u0107 pod uwag\u0119, gdzie ma si\u0119 znale\u017a\u0107. Czy b\u0119dzie to pomieszczenie biurowe , gdzie dzia\u0142a\u0107 b\u0119dzie 20 komputer\u00f3w oraz przebywa du\u017ca ilo\u015b\u0107 os\u00f3b, czy b\u0119dzie to po prostu pok\u00f3j w domu, gdzie przebywamy na co dzie\u0144.<\/p>\n<p>W wi\u0119kszo\u015bci przypadk\u00f3w optymaln\u0105 warto\u015bci\u0105 jest 1kW mocy (ch\u0142odniczej) ch\u0142odz\u0105cej na metr kwadratowy powierzchni pomieszczenia, kt\u00f3rego wysoko\u015b\u0107 nie przekracza 3 metr\u00f3w np. dla pomieszczenia o powierzchni 25m<sup>2 <\/sup> odpowiednia jest moc klimatyzatora: 2,5kW.<\/p>\n<p>Klimatyzatory z technologi\u0105 inwerterow\u0105 bez problemu poradz\u0105 sobie nie tylko wtedy, kiedy zapotrzebowanie na ciep\u0142o b\u0119dzie ni\u017csze od jego znamionowej wydajno\u015bci, lecz wtedy gdy trzeba b\u0119dzie dostarczy\u0107 wi\u0119cej ch\u0142odu ni\u017c zak\u0142adali\u015bmy.<\/p>\n<p>Wyj\u0105tki przy doborze mocy gdzie nale\u017cy dobra\u0107 wi\u0119cej mocy:<\/p>\n<ul>\n<li>poddasze ok. 40%<\/li>\n<li>pomieszczenia kt\u00f3re maj\u0105 s\u0142abo zaizolowane \u015bciany a okna nieszczelne ok 15%<\/li>\n<li>pomieszczenia silnie nas\u0142onecznione ok.25%<\/li>\n<li>pomieszczenia po\u0142\u0105czone z kuchni\u0105 ok. 15%<\/li>\n<\/ul>\n<\/div><\/div><\/div><\/div><\/div>\n","protected":false},"excerpt":{"rendered":"","protected":false},"author":3,"featured_media":0,"parent":0,"menu_order":0,"comment_status":"closed","ping_status":"closed","template":"","meta":{"footnotes":""},"_links":{"self":[{"href":"https:\/\/klimapunkt.pl\/index.php?rest_route=\/wp\/v2\/pages\/1103"}],"collection":[{"href":"https:\/\/klimapunkt.pl\/index.php?rest_route=\/wp\/v2\/pages"}],"about":[{"href":"https:\/\/klimapunkt.pl\/index.php?rest_route=\/wp\/v2\/types\/page"}],"author":[{"embeddable":true,"href":"https:\/\/klimapunkt.pl\/index.php?rest_route=\/wp\/v2\/users\/3"}],"replies":[{"embeddable":true,"href":"https:\/\/klimapunkt.pl\/index.php?rest_route=%2Fwp%2Fv2%2Fcomments&post=1103"}],"version-history":[{"count":3,"href":"https:\/\/klimapunkt.pl\/index.php?rest_route=\/wp\/v2\/pages\/1103\/revisions"}],"predecessor-version":[{"id":1660,"href":"https:\/\/klimapunkt.pl\/index.php?rest_route=\/wp\/v2\/pages\/1103\/revisions\/1660"}],"wp:attachment":[{"href":"https:\/\/klimapunkt.pl\/index.php?rest_route=%2Fwp%2Fv2%2Fmedia&parent=1103"}],"curies":[{"name":"wp","href":"https:\/\/api.w.org\/{rel}","templated":true}]}}

<div class="row  " ><div class="cherry-box   box-780"><div class="inner"><div class="container"><div class="row row-edge">
<h3>Jak dobrać odpowiednią moc klimatyzatora?</h3>
<p>Jeżeli chodzi o dobór klimatyzatora, warto wziąć pod uwagę, gdzie ma się znaleźć. Czy będzie to pomieszczenie biurowe , gdzie działać będzie 20 komputerów oraz przebywa duża ilość osób, czy będzie to po prostu pokój w domu, gdzie przebywamy na co dzień.</p>
<p>W większości przypadków optymalną wartością jest 1kW mocy (chłodniczej) chłodzącej na metr kwadratowy powierzchni pomieszczenia, którego wysokość nie przekracza 3 metrów np. dla pomieszczenia o powierzchni 25m<sup>2 </sup> odpowiednia jest moc klimatyzatora: 2,5kW.</p>
<p>Klimatyzatory z technologią inwerterową bez problemu poradzą sobie nie tylko wtedy, kiedy zapotrzebowanie na ciepło będzie niższe od jego znamionowej wydajności, lecz wtedy gdy trzeba będzie dostarczyć więcej chłodu niż zakładaliśmy.</p>
<p>Wyjątki przy doborze mocy gdzie należy dobrać więcej mocy:</p>
<ul>
<li>poddasze ok. 40%</li>
<li>pomieszczenia które mają słabo zaizolowane ściany a okna nieszczelne ok 15%</li>
<li>pomieszczenia silnie nasłonecznione ok.25%</li>
<li>pomieszczenia połączone z kuchnią ok. 15%</li>
</ul>
</div></div></div></div></div>
